(-2)/y + 1/3. What is the units digit of 2 + 0/f + -1?
1
Suppose -3*r - 46 = -5*r + 3*c, 0 = 4*c - 8. What is the units digit of r?
6
Let b = 38 + -38. Suppose -2*g - 4 = 0, -3*a - 2*g + 115 + 76 = 0. Suppose z - 4*z + 4*y + 54 = b, 4*z - a = 3*y. What is the units digit of z?
4
Let k be -2*-3*(-3)/6. What is the units digit of (-2)/k*(-27)/(-2)?
9
Let m(v) = 3*v**2 - 1. Let a be (36/(-15))/((-2)/(-10)). Let n be 1/4 + 15/a. What is the units digit of m(n)?
2
Let s(l) = l**2 + 2*l - 4. Let v = -8 + 5. Let k be s(v). What is the tens digit of (-11 - k)/(3 - 4)?
1
Let a(u) = -12*u. Let n be a(1). Let j be (n/(-2))/(0 + 1). What is the units digit of -1*3*j/(-2)?
9
Let h(u) = -u**2 + u + 4. Suppose -3*n + 5*j = -n - 20, j + 4 = 0. Let s be h(n). Suppose 0 + s = 2*y. What is the units digit of y?
2
Suppose 3*s - 32 = 7*s. Let p(k) = -5*k - 8. What is the units digit of p(s)?
2
Suppose -c - o + 44 = 0, -2*c + 0*o = -5*o - 109. Suppose 1 = 4*t - c. What is the tens digit of t?
1
Let n be 1/(-1)*(-10 + 10). Suppose -3*p + 108 + 27 = n. What is the units digit of p?
5
Let h(x) = 3*x**3 - 4*x**2 + 2*x + 1. What is the units digit of h(2)?
3
Let h = -60 + 30. Let l = 58 + h. What is the units digit of l?
8
Suppose 0 = -4*d + 5 + 7. Suppose 3*x + y + 152 = 7*x, -4*y = d*x - 133. What is the units digit of x?
9
Let i(x) = 2*x**2 + x. Let a(z) = -z**2 - 9*z - 2. Suppose 5*d + 50 = -5*f, 3*d = -5*f - 18 - 14. Let b be a(d). What is the units digit of i(b)?
6
Let p(a) = 9*a - 2 + 2 - 4*a**2 + 5*a**2 + 4. Let r be -1*(9 - 0/2). What is the units digit of p(r)?
4
Let a = -18 - -18. What is the tens digit of (a - -38)*(-4)/(-8)?
1
Suppose -3*v - 2 - 4 = 0, -v = 3*d - 16. What is the tens digit of d*1*17/3?
3
Let m be (-54)/3*(-2)/3. Let z = m + -4. What is the units digit of z?
8
Let p(c) = c + 6. Let v be p(-5). Suppose -5 = -4*q - v. What is the units digit of q?
1
Let x = 8 - 8. Suppose y - 4*t - 28 = 0, 4*y - 57 = -x*y + 5*t. What is the units digit of y?
8
Let l(v) = -2*v + 27. What is the units digit of l(0)?
7
Suppose -2*g - 10 = 4*d, -6*g + 7 = -2*g - d. Let r = 2 + g. What is the units digit of r?
3
Suppose -4*t - 2*g + 5*g = 208, -2*t = 5*g + 78. Let o = -26 - t. What is the tens digit of o?
2
Suppose -95 = 7*k - 655. What is the units digit of k?
0
Suppose -j - j = 0. Suppose j = x + 2*x - 2*m - 13, x - 11 = 4*m. Suppose -4*l = -x*l - 1. What is the units digit of l?
1
Suppose -3*w = -3*i + 135, 4*i - 2*w - 12 = 174. Let o = i + -33. What is the tens digit of o?
1
Let y = 6 - 2. Suppose -25 = 3*a - y*a. What is the units digit of a?
5
Suppose 6 = 3*f + u, f - 2*f - u = -2. Suppose 0 = -2*k - 8, -f*k - 55 = -5*o + 13. What is the tens digit of o?
1
Let o be 22 - (-1*2)/1. Let u = -34 + o. Let b = -6 - u. What is the units digit of b?
4
What is the tens digit of 50 + (4 + -1 - 0)?
5
Let t = 16 - 22. What is the units digit of 10/15 + (-26)/t?
5
Suppose 0 = -2*g + 238 + 160. What is the units digit of g?
9
Suppose 2*x - 4*u = 2, -3*x + 3*u = x - 9. What is the units digit of ((-4)/x)/(1/(-3))?
4
Let c(p) = p**3 - 10*p**2 + 12*p + 8. Let n(b) = b**2 + 5*b - 5. Let h be n(-7). Let v be c(h). Suppose 0 = -0*z - 5*z + v. What is the units digit of z?
7
Suppose 4*t - 3*b - 40 = b, -5*b - 5 = 4*t. Suppose t*c = 26 + 9. What is the units digit of c?
7
Let j(x) = -x**3 - 17*x**2 - 26*x + 4. What is the units digit of j(-16)?
4
Let a(v) = v + 9. Let b be a(-7). Let m(x) = -3*x + b*x + 8 + 0*x. What is the units digit of m(0)?
8
Let a = -5 + 8. Suppose a*m = 7*m. What is the units digit of ((-1)/2 + m)*-14?
7
Let v(n) = n. Let l be v(0). Suppose l*p = -2*p + 8. What is the units digit of p?
4
Let x be (-98)/5 + 2/(-5). Suppose 16 - 4 = 2*c. What is the units digit of x/c*12/(-5)?
8
Let b(m) = m**3 - m - 5. Let h be b(0). Let z = h + 10. What is the units digit of z?
5
Let s(n) = -3*n + 0*n**2 + n**2 + 7*n**2 + 0*n. What is the units digit of s(2)?
6
Let g(d) = 2*d**2 - 2*d. Let h be g(4). Suppose h = 2*k + 4. What is the units digit of k?
0
Let h(f) = f + 3. Let u be h(-3). Suppose -30 + u = -5*c. Let b(m) = -m**3 + 7*m**2 - 4*m - 8. What is the units digit of b(c)?
4
Let f(g) = -g - 1. Let c(p) = 2*p + 2. Let n(z) = -4*c(z) - 7*f(z). Let m be n(-5). Suppose -v = b + 2, 3*v - 7 = -4*b + m*v. What is the units digit of b?
1
Suppose 6*u = u - 20. What is the tens digit of (-134)/u - 1/(-2)?
3
Let t be (-35)/(-1) - (7 - 6). What is the tens digit of 5/10*(-2 + t)?
1
Suppose 728 = 10*w - 842. What is the hundreds digit of w?
1
Let t be 1*-2 + (-84)/(-3). Suppose 5*v = q - 0*v + 22, 3*v + t = -5*q. Let g = -1 - q. What is the units digit of g?
6
Let r(h) = 10*h**2 + h. Suppose -2 - 3 = -n. Suppose 0*k - 27 = 2*f - n*k, -5*f - 2*k + 5 = 0. What is the units digit of r(f)?
9
Let b be 4/14 - (-12)/7. Let u be b/(-8)*-14*-2. Let r(m) = -m**2 - 9*m + 5. What is the units digit of r(u)?
9
Let q(g) = g**3 + 2. Let d be q(-2). Let y(l) = -l**2 + 9*l + 2*l**2 - 4*l. What is the units digit of y(d)?
6
Let o(i) = i**2 - 5*i + 5. What is the units digit of o(5)?
5
Let b be 0 - (0 + -1 + 0). Suppose -6 = -m + b. What is the units digit of m?
7
Let f(l) = l - 7. Let x be 2/6 + (-40)/(-6). Let j be f(x). Suppose 6*s - s - 85 = j. What is the tens digit of s?
1
Let w be (-1)/(-2) + (-10)/4. What is the units digit of (-1)/w + 70/20?
4
Let z(b) = b**2 + b**2 - 2 + b**2 - 2*b**2 - 9*b. Let i be z(10). Suppose 3 = k - i. What is the units digit of k?
1
Let h = -43 + 60. Let d = h + -14. What is the units digit of d?
3
Let u(d) = -d**2 + 5*d + 3. Let w be u(6). Let r(n) = 0*n + 0*n + 1 - n**2 - 3*n - n. What is the units digit of r(w)?
4
Let b be 2/10 + (-9)/(-5). Suppose b*p + 5 = 11. What is the units digit of p?
3
Let h = 27 + 42. What is the tens digit of h?
6
Let t(v) = v**3 + 10*v**2 + 9*v + 3. What is the tens digit of t(-6)?
9
Let m be (-9)/(-6) - 30/4. Let u(z) = z**3 + 7*z**2 + 3*z + 3. What is the units digit of u(m)?
1
Suppose 0 = -56*n + 55*n + 23. What is the tens digit of n?
2
Suppose 0 = 3*k - 6. Suppose 2*i = u - 2*i - 14, -5*u - k*i = 18. What is the units digit of ((-1)/(-2))/(u/(-20))?
5
Suppose 5*n - 55 = -2*u, -3*n = -2*u - u - 33. Suppose n*k - 225 = 6*k + 5*r, 3*r = -3*k + 123. What is the tens digit of k?
4
Let d(m) = -m - 6. Let u be d(-10). What is the tens digit of -1 + u/8*58?
2
Suppose -2*z - 4*h = 6, -5 = 2*z - z + 3*h. What is the units digit of z?
1
Suppose -2*z + 7 - 3 = 0. Suppose 0 = 2*n - z*y, -n + y = 2*y - 10. What is the units digit of n?
5
Let j(w) = -w - 6. Let v be j(0). Let d = 10 + v. Suppose -5*g + 40 = -3*z + 8*z, d*g - 5*z = 32. What is the units digit of g?
8
Let k = -40 - -74. What is the units digit of k?
4
Let j be ((-22)/(-4))/(1/14). Let a = j + -48. Suppose v = -v + c + 14, -v - 5*c = -a. What is the units digit of v?
9
Let n(k) be the second derivative of k**5/5 + k**4/12 - k**2/2 - 2*k. Let b be n(2). Suppose 0 = 5*l - 2*x - b, x = -2*x. What is the units digit of l?
7
Let l = 212 - 60. What is the units digit of l?
2
Let k(h) = -4*h + 7*h - h + 25 - 3*h. What is the tens digit of k(12)?
1
Suppose 0 = -4*q - 5*k + 36, 2*q - 2*k - 18 = 3*k. Suppose 0 = 2*y + q - 49. What is the units digit of y?
0
Let b(f) = f + 16. Let y be b(-17). Let p(x) = 5*x**2 - x + 1. What is the units digit of p(y)?
7
Let y(s) = s + 6. Let p be y(-7). Let g be p/3 - (-75)/9. Suppose 2*u - 2*c - g = -u, -10 = -5*u + 5*c. What is the units digit of u?
4
Let l be ((-8)/6)/((-4)/6). Suppose 2*v + l = -4. Let m(s) = -s**3 - 2*s**2 - 1. What is the units digit of m(v)?
8
What is the tens digit of 27 + (0 + 1)*1?
2
Let f(v) = -81*v - 1. What is the tens digit of f(-1)?
8
Suppose 5*r - y = 120, 2*r + y = -0*y + 55. Suppose 0 = -5*i + r, -2*q = 2*q - i - 15. What is the units digit of q?
5
Let y = -2 + 7. Suppose y*h + 48 = h. Let o = 19 + h. What is the units digit of o?
7
Let w(l) = 2*l**2 + 4*l - 4. Let n be w(6). Suppose -5*m = -4*a + n, 0 = -4*a - m + 15 + 53. What is the tens digit of a?
1
Let a be (-12)/9*3/2. Let n(z) = -z**3 - 2*z**2 - 3*z - 1. What is the units digit of n(a)?
5
Let k be 802/(-8) + (-2)/(-8). Let w be 3*-1*k/12. Suppose 5*b - w - 25 = 0. What is the units digit of b?
0
Suppose 2*j = 4*j - 44. Suppose 4*c - 97 = -5*g, -j = -4*c - g + 71